Calculate the remainder when h is divided by 29.
21
Let s(r) = -r**3 + 11*r**2 - 35*r + 245. Calculate the remainder when 115 is divided by s(9).
23
Let n(a) = 7*a**2 - 14*a - 95. Let u(z) = -6*z**2 + 14*z + 94. Let r(b) = -5*n(b) - 6*u(b). Calculate the remainder when 21 is divided by r(-5).
3
Let w = -11058 + 11475. Calculate the remainder when 432 is divided by w.
15
Suppose 221 = 8*v - 275. Suppose -2674 = 8*s - 2906. What is the remainder when v is divided by s?
4
Suppose -18908*y + 10150 = -18883*y. Let m(b) = -b**3 + 8*b**2 - 2*b - 5. What is the remainder when y is divided by m(3)?
32
Let c = 380 - 283. Suppose -33*o + 3727 = c. Calculate the remainder when o is divided by 8.
6
Calculate the remainder when 70 is divided by 6*104/117*(-1 + 13).
6
Let b be (2*2*(4 + -3))/2. Let c be (b - 6/4)/((-1)/(-2)). Calculate the remainder when (c + 5/(-3))/((-34)/3927) is divided by 20.
17
Let x be 15/5 + (1 - -9). Let g(c) = -c**3 + 13*c**2 + 36. Calculate the remainder when g(x) is divided by 27.
9
Suppose 42*u - 29362 = -64*u. What is the remainder when u is divided by 40?
37
Let g(l) = 53*l**2 - 31*l. Let b(d) = d + 61. What is the remainder when b(0) is divided by g(1)?
17
Let o = -2424 - -2544. Let m(z) = 2*z**2 + 10*z + 21. Let f be m(-9). Let x = -52 + f. Calculate the remainder when o is divided by x.
38
Let y be 15/10 + (327/6 - 1). What is the remainder when 2/22 - (-4120)/y is divided by 70?
5
Suppose -32*i + 10541 - 2477 = 0. Calculate the remainder when 11591 is divided by i.
251
Suppose 102*p + 4661 + 4987 = 53304. Calculate the remainder when p is divided by 13.
12
Let r(y) = y**3 - 30*y**2 + 3*y - 34. Suppose -3*w - 8*w + 330 = 0. Calculate the remainder when r(w) is divided by 29.
27
Suppose 2*u = -9*l + 10*l - 78, -5*l - 2*u + 318 = 0. What is the remainder when -3 + 4*48 - -1 is divided by l?
58
Let y(x) = -8*x**2 - 6*x - 2. Suppose -3 - 27 = 10*s. Let g be y(s). Let w = g + 84. What is the remainder when w is divided by 16?
12
Suppose 13*b + 80 = 2280 + 283. Let m = 2 + 26. Calculate the remainder when b is divided by m.
23
Suppose -21 = -3*n + 669. Let z = -150 + n. What is the remainder when z is divided by 21?
17
Suppose -36*h = -32*h + 3*a - 908, 2*a = 4*h - 868. Let g(z) = 5*z**2 + 3*z + 3. Calculate the remainder when h is divided by g(3).
50
Suppose -2924 = 2*r - 3*s, s = -r - 0*s - 1452. Calculate the remainder when (4 - r/8) + 0 is divided by 47.
45
Let c(r) = 22*r - 6. Let f be c(1). Suppose 0 = 20*m - f*m - 72. Let z(l) = 7*l**2 + l + 1. What is the remainder when m is divided by z(-1)?
4
Suppose 5*z = 13*u - 1163, 59*z + 174 = 2*u + 57*z. Suppose -4*h + 70 = -3*w, 3*h = -0*h + 3*w + 51. Calculate the remainder when u is divided by h.
15
Let v(d) = 10*d**2 - 5*d + 4. Let s(l) = 2*l**2 - l - 2. Suppose 2*p + 10 = -4*w, -3*p + 3 = -w - 3. What is the remainder when v(2) is divided by s(w)?
15
Suppose 178 = 5*d - 6*y + 7*y, 4*y = -d + 47. Suppose 52*u - 53*u + d = 0. What is the remainder when 137 is divided by u?
32
Let d be (-6)/6 - 8 - (1 + -4). Let z(n) = -2*n - 9. Let y be z(d). Suppose 0 = -o + 1, 4*h + 0*h - 233 = y*o. What is the remainder when h is divided by 20?
19
Let a(p) = 31*p**2 - 19*p - 31. What is the remainder when a(-8) is divided by 34?
31
Let w = -3 - -8. Suppose 2*l = -2*k + 46, -l = w*k - 38 - 73. What is the remainder when (-5460)/(-50) - (66/(-11))/(-60)*12 is divided by k?
20
Suppose 10 = 2*p + 4*g, 3*p + g - 44 = -14. Suppose 9*j - 5*i - 33 = 6*j, -j + p = -5*i. What is the remainder when (-211)/(-4) + 1/4 is divided by j?
9
Suppose 4*s = 17*s + 52. What is the remainder when 134 is divided by 115*11/((-110)/s)?
42
Suppose -5*b + 7089 = 25*x - 22*x, 7*x - 2*b - 16418 = 0. What is the remainder when x is divided by 25?
23
Let x be 1*20*3003/52. Suppose 20*b = 31*b - x. Calculate the remainder when b is divided by 22.
17
Suppose 2*v - 13 - 47 = 0. Suppose 4*s + v = 6*s. Let i = -39 + 59. What is the remainder when i is divided by s?
5
Let c = 4110 - 2351. Calculate the remainder when c is divided by 136.
127
Let b(l) = -13*l + 45. Let v be b(3). Suppose -v*h = -h - 390. What is the remainder when h is divided by 21?
15
Let w = -2997 + 3112. Calculate the remainder when 177 is divided by w.
62
Let x be ((-31)/4)/(1/(-28)). Let w = x + -68. Let u = w - -19. What is the remainder when u is divided by 34?
32
Calculate the remainder when ((-11)/(-1))/(152250/(-5858) + 26) is divided by 90.
31
Suppose 2*o + 133 = 749. Let b(k) = k**2 + 4*k - 11. What is the remainder when 4/20 - o/(-10) is divided by b(-7)?
1
Let d = -54 - -54. Calculate the remainder when 139 is divided by (d - 1)*-49 - 2.
45
Let s = 2 - 5. Suppose -358 + 430 = 6*t - 0*t. Calculate the remainder when 1 - -73 - (s - -1) is divided by t.
4
Let n(r) = -4*r**3 + 3*r**2 - 69*r - 255. What is the remainder when 719 is divided by n(-4)?
69
Suppose 2*n + 3*f - 23 = 0, -10 + 30 = 4*f. Let q be n + 31/1 + 0 - 1. Let j = q + -16. What is the remainder when 67 is divided by j?
13
Suppose 11*s = 10*s - 92. Suppose -23 = -10*f + 27. Calculate the remainder when -2 - s/((-4 - 0) + f) is divided by 26.
12
Let z be -1 - ((-2)/5 + (-99)/15). Suppose -6*f = -z - 18. Suppose v - f*s = -0*s + 48, -3*s = -2*v + 91. What is the remainder when v is divided by 15?
14
Suppose -42*v - 335 = -47*v. Let u = v - 26. Let o = 69 - u. What is the remainder when o is divided by 10?
8
Suppose 2*w + 26 = -3*f, 2*w - f = -0*w - 34. Calculate the remainder when (-4)/w - (-819)/4 is divided by 26.
23
Let o = -31525 + 31683. Calculate the remainder when 2049 is divided by o.
153
Suppose 2*i + t = 141, -2*i + 53 = 2*t - 87. Suppose 3*g - 155 = 4*h, 0 = -h - 9*g + 4*g - 56. Let a = i + h. What is the remainder when 56 is divided by a?
26
Let u(c) = -c**3 + 16*c**2 - 16*c + 35. Let y be u(15). Suppose -5*q + 116 = -t, 12*q - 11*q = t + y. Calculate the remainder when q is divided by 4.
0
Suppose -12224 + 27420 = -23*y + 114096. Calculate the remainder when y is divided by 23.
22
Suppose -56*n = -21*n + 385. Let z be 7 + 1/(-1)*-1. Let r = z - n. What is the remainder when r is divided by 7?
5
Let l(b) = -12*b**2 - 2*b + 2. Let q(d) = d**2 + d. Let g(v) = l(v) + 6*q(v). Let t be g(3). Let k = 45 + t. Calculate the remainder when k is divided by 5.
0
Suppose 16*z - 434 = -162. Suppose 20 = 4*j - 20*v + 16*v, z = 3*j - 2*v. Calculate the remainder when 13 is divided by j.
6
Suppose -191 = -2*s - 635. Let y = s - -247. What is the remainder when 138 is divided by y?
13
Suppose -f = -4*b - 1, -b - b = -2. Suppose 0 = -4*j + 3 + 9. Suppose -f*v + 2*i + 115 = -0*i, 85 = 4*v - j*i. What is the remainder when 74 is divided by v?
24
Suppose 15044 = 70*z + 10774. Suppose -49 = -5*y + 56. Calculate the remainder when z is divided by y.
19
Suppose -2188*a + 2209*a = 1617. What is the remainder when 2692 is divided by a?
74
Let m(l) = -l**3 + 95*l**2 + 492*l - 15. Suppose 2*y = -79 + 615. What is the remainder when y is divided by m(-5)?
18
Suppose -4*s + 157 = 5*g, -4*s + 111 = -3*g - 6. What is the remainder when 132/165 + (-26)/(-10)*(-110)/(-5) is divided by s?
25
Suppose 5*c + 0*w = w + 655, 0 = -3*c + 4*w + 393. Calculate the remainder when c is divided by 74.
57
Let h be 6/15 - 856/40. Let x = -19 - h. Suppose 3*y = 3*t - 45, -x*t + 2 + 0 = 5*y. What is the remainder when 38 is divided by t?
5
Let y(s) be the second derivative of -5*s**3/6 - 53*s**2/2 + 144*s. Suppose 5*r + 199 - 634 = 0. What is the remainder when r is divided by y(-15)?
21
Suppose 25*g - 4816 = 21*g. Let v(j) = 5*j**2 - 4. What is the remainder when v(-3) is divided by g/43*1/2?
13
Let z be (10/(-15)*48)/1. Calculate the remainder when 277 is divided by z*((-2)/(-8) + -2).
53
Suppose -672 = -4*l - 24*b, -9*b = l - 14*b - 179. What is the remainder when 3836 is divided by l?
8
Let k(u) be the second derivative of -u**4/12 - 5*u**3/6 + 26*u**2 + 2*u + 11. Calculate the remainder when k(0) is divided by 29.
23
Let s(f) = 3*f**3 - f**2 + 3*f - 3. Let x be 10*(-6)/24*-2 + 324. What is the remainder when s(2) is divided by x/28 + 2 + (-7)/4?
11
Let z be 9/((-18)/(-10)) - (-8 - -1). Suppose 338 + 70 = z*x. Suppose -h - 3*h + 804 = 0. Calculate the remainder when h is divided by x.
31
Let p(a) = 228*a - 2149. Calcul